{"id":290,"date":"2020-09-25T15:40:23","date_gmt":"2020-09-25T19:40:23","guid":{"rendered":"http:\/\/h-residency.org\/?page_id=290"},"modified":"2020-10-25T18:54:16","modified_gmt":"2020-10-25T22:54:16","slug":"el-arte-contemporaneo-reside-en-el-desierto","status":"publish","type":"page","link":"https:\/\/h-residency.org\/es\/el-arte-contemporaneo-reside-en-el-desierto\/","title":{"rendered":"El Arte Contempor\u00e1neo RESIDE EN EL DESIERTO"},"content":{"rendered":"<p><\/p>\n<div>\n<h2>Programa<br \/>\nDel 3 al 18 de Noviembre 2020<\/h2>\n<\/div>\n<p>Debido a la situaci\u00f3n de contingencia mundial que atravesamos, este a\u00f1o H Residency produce una programaci\u00f3n virtual centrada en el di\u00e1logo en torno a las pr\u00e1cticas colaborativas, redes e intercambios en cultura. Para ello hemos impulsado un programa que va desde los encuentros, di\u00e1logos y reflexiones vinculados al arte contempor\u00e1neo en Calama y Alto el Loa, invitando a creadores, docentes, estudiantes, espacios culturales y p\u00fablico general a formar parte de estas iniciativas.<\/p>\n<p>Todas las actividades son de car\u00e1cter abierto y gratuito.<br \/>\n<strong>Incr\u00edbete aqu\u00ed<\/strong>: <strong><em><a title=\"Inscripci\u00f3n\" href=\"http:\/\/h-residency.org\/inscripcion\/\">www.h-residency.org\/es\/inscripcion\/<\/a><\/em><\/strong><\/p>\n<p><strong>PROGRAMA<\/strong><\/p>\n<div class=\"programa-block block-50-33 blue\">\n<div class=\"programa-block-info\">\n<h3><b>Conversatorio<\/b><\/h3>\n<h2 class=\"fonce\"><a href=\"http:\/\/h-residency.org\/arte-contemporaneo-espacios-redes-y-colaboracion-en-cultura-post-pandemia\/\">Arte contempor\u00e1neo:<\/a><br \/>\n<a href=\"http:\/\/h-residency.org\/arte-contemporaneo-espacios-redes-y-colaboracion-en-cultura-post-pandemia\/\">Espacios, redes y colaboraci\u00f3n en cultura (post-pandemia)<\/a><\/h2>\n<p><strong><span class=\"mono\">Martes 3 de Noviembre<br \/>\n18 hrs<\/span><\/strong><\/p>\n<\/div>\n<div class=\"desplegable hidden\">\n<p>La invitaci\u00f3n es a encontrarnos y conversar sobre colaboraciones en cultura, generaci\u00f3n de redes e intercambios y el aporte de estas pr\u00e1cticas al favorecer la sostenibilidad de los proyectos y espacios culturales en los territorios.<\/p>\n<p>La escena art\u00edstica contempor\u00e1nea local en Calama y Alto el Loa posee un robusto quehacer en la escena creativa nortina, cuenta con espacios culturales que promueven el arte y la cultura territorial, gestando valiosos intercambios de experiencias art\u00edsticas locales e internacionales.<\/p>\n<p>Nos acompa\u00f1ar\u00e1n como invitados a este panel de conversatorio: Antonieta Clunes artista, curadora y directora de Espacio Modelo, Silvia \u00c1lvarez directora de Fundaci\u00f3n Interacciones y proyecto casa RADE Espacio Colaborativo de Calama, junto a Gonzalo Reyes Araos Artista y director de H Residency Chile-Berl\u00edn y Mauricio Castro Encargado de la Galer\u00eda de Arte Pablo Neruda, Director del \u00c1rea de Comunicaciones de la Corporaci\u00f3n de Cultura y Turismo de Calama.<\/p>\n<p>Modera la Jornada, Cristina Olgu\u00edn Acevedo Gestora Cultural y coordinadora de Proyecto H.<\/p>\n<p>La invitaci\u00f3n est\u00e1 dirigida a artistas, docentes, agentes culturales y toda persona interesada en las artes contempor\u00e1neas.<\/p>\n<\/div>\n<\/div>\n<div class=\"programa-block block-50-33 dark\">\n<div class=\"programa-block-info\">\n<h3>Ciclo de charlas de Artista<\/h3>\n<h2 class=\"fonce\"><a href=\"http:\/\/h-residency.org\/cielos-binarios\/\"><b>Cielos Binarios<\/b><\/a><\/h2>\n<p><span class=\"mono\"><strong>Gonzalo Reyes Araos<\/strong><br \/>\n<span class=\"programa-block-entry-meta\">Artista visual y Director de H-Residency (Chile &#8211; Alemania)<\/span><\/span><\/p>\n<p><strong><span class=\"mono\">Mi\u00e9rcoles 4 Noviembre<br \/>\n18 hrs<\/span><\/strong><\/p>\n<\/div>\n<div class=\"desplegable hidden\">\n<p>La charla est\u00e1 inspirada en la investigaci\u00f3n del artista, quien trabaja en torno a las relaciones humanas mantenidas a trav\u00e9s de los medios de comunicaci\u00f3n contempor\u00e1neos. El c\u00f3digo binario como instrumento de comunicaci\u00f3n y met\u00e1fora de nuestra realidad. El cielo como un mapa de la historia del mundo y de las comunicaciones utilizadas desde las culturas ancestrales hasta nuestros d\u00edas.<\/p>\n<p>La charla est\u00e1 enfocada a artistas, creadores, agentes culturales, investigadores y p\u00fablico en general.<\/p>\n<\/div>\n<\/div>\n<div class=\"programa-block block-50-33 orange\">\n<div class=\"programa-block-info\">\n<h3>Ciclo de charlas de Artista<\/h3>\n<h2 class=\"fonce\"><a href=\"http:\/\/h-residency.org\/historias-contadas-por-las-piedras-y-otros-relatos\/\"><b>Historias contadas por las piedras y otros relatos<\/b><\/a><\/h2>\n<p><span class=\"mono\"><strong>Elsa Salonen<\/strong><br \/>\n<span class=\"programa-block-entry-meta\">Artista visual (Finlandia &#8211; Alemania)<\/span><\/span><\/p>\n<p><strong><span class=\"mono\">Jueves 12 Noviembre<br \/>\n11 hrs<\/span><\/strong><\/p>\n<\/div>\n<div class=\"desplegable hidden\">\n<p>La artista nos hablar\u00e1 sobre su trabajo de investigaci\u00f3n que conecta ideas de la metaf\u00edsica con nuestros conceptos \u201cconcretos\u201d del mundo. La alquimia la ha llevado a experimentar directamente con materiales de la naturaleza. Inspirada en antiguas filosof\u00edas animistas, que realzan el esp\u00edritu de las formas de vida naturales, como las plantas y las piedras, la artista toma, desde estas ideas, inspiraciones para realizar sus instalaciones pinturas y arte conceptual.<\/p>\n<p>La charla est\u00e1 dirigida a artistas, creadores, agentes culturales, investigadores y p\u00fablico en general.<\/p>\n<\/div>\n<\/div>\n<div class=\"programa-block block-50-33 dark\">\n<div class=\"programa-block-info\">\n<h3>Ciclo de charlas de Artista<\/h3>\n<h2 class=\"fonce\"><a href=\"http:\/\/h-residency.org\/charla-de-artistas-en-establecimientos-educacionales\/\"><b>Charla de artistas en establecimientos educacionales <\/b><\/a><\/h2>\n<p><strong><span class=\"mono\">Jueves 5 Noviembre<br \/>\n11 \u00a0&#8211; 12 \u00a0hrs<\/span><\/strong><\/p>\n<\/div>\n<div class=\"desplegable hidden\">\n<p>Esta charla cuenta con la participaci\u00f3n de dos destacados artistas visuales, <a href=\"http:\/\/h-residency.org\/elsa-salonen\/\">Elsa Salonen<\/a> (Finlandia) y <a href=\"http:\/\/h-residency.org\/gonzalo-reyes-araos\/\">Gonzalo Reyes Araos<\/a>. Nuestros invitados nos compartir\u00e1n sus procesos de creaci\u00f3n, reflexiones, imaginario e inspiraciones desde las cuales nacen sus obras. Por medio de una conversaci\u00f3n basada en sus experiencias nos sumergir\u00e1n en el mundo del arte contempor\u00e1neo.Esta charla es gratuita y est\u00e1 dirigida a estudiantes, docentes y establecimientos educacionales.<\/p>\n<\/div>\n<\/div>\n<div class=\"programa-block block-50-33 blue\">\n<div class=\"programa-block-info\">\n<h3>Cartograf\u00eda Cultural Calama y Alto el Loa<\/h3>\n<h2 class=\"fonce\"><a href=\"http:\/\/h-residency.org\/mapeo-colectivo-de-artistas-y-creadores\/\">Mapeo colectivo de artistas y creadores<\/a><\/h2>\n<p><strong><span class=\"mono\">Mi\u00e9rcoles 18 Noviembre<br \/>\n18 \u00a0hrs<\/span><\/strong><\/p>\n<\/div>\n<div class=\"desplegable hidden\">\n<p>H Residency promueve procesos creativos de investigaci\u00f3n e intercambio de experiencias art\u00edsticas contempor\u00e1neas, es en este contexto es que invitamos a artistas y agentes culturales a ser parte de una Cartograf\u00eda Cultural de Calama y Alto el Loa.La cartograf\u00eda cultural es una t\u00e9cnica de mapeo colectivo que se realiza mediante la utilizaci\u00f3n de un mapa impreso o virtual, junto a ello se utilizan iconograf\u00edas, esto favorece la reflexi\u00f3n en los asistentes y genera conocimiento y miradas situadas desde lo visual.<\/p>\n<p><strong>Mapeo colectivo de artistas de la ciudad de Calama y Provincia Alto Loa<\/strong> es una jornada que se realizar\u00e1 en formato virtual y apunta a construir una narraci\u00f3n colectiva acerca del escenario cultural local, junto con posibilitar el encuentro de creadores, visibilizar sus proyectos, y promover las redes e intercambios culturales.<\/p>\n<p>El car\u00e1cter colectivo de esta instancia permite el encuentro y di\u00e1logo entre creadores, a su vez aporta visibilizar a los artistas locales y a sus pr\u00e1cticas en torno al quehacer art\u00edstico desde las potencialidades y necesidades del sector en el \u00e1mbito del arte contempor\u00e1neo local.<\/p>\n<p>La convocatoria de la cartograf\u00eda cultural es abierta y est\u00e1 dirigida a artistas, creadores, curadores, investigadores, docentes de las artes visuales, artistas mediales, performance y audiovisuales, junto a espacios culturales p\u00fablicos, privados y organizaciones autogestionadas de Calama y Alto El Loa.<\/p>\n<\/div>\n<\/div>\n<p>&nbsp;<\/p>\n<p>Puedes descargar nuestro\u00a0<strong><em><a href=\"http:\/\/h-residency.org\/pdf\/programa\/2020\/Programa-conversatorios-H-residency-2020.pdf\" target=\"_blank\" rel=\"noopener noreferrer\">programa en versi\u00f3n pdf <\/a><\/em><\/strong><\/p>\n<p><img loading=\"lazy\" decoding=\"async\" class=\"aligncenter wp-image-418 size-full\" src=\"http:\/\/h-residency.org\/h-wp\/wp-content\/uploads\/2020\/10\/afiche-general-150.jpg\" alt=\"\" width=\"1080\" height=\"1350\" srcset=\"https:\/\/h-residency.org\/h-wp\/wp-content\/uploads\/2020\/10\/afiche-general-150.jpg 1080w, https:\/\/h-residency.org\/h-wp\/wp-content\/uploads\/2020\/10\/afiche-general-150-240x300.jpg 240w, https:\/\/h-residency.org\/h-wp\/wp-content\/uploads\/2020\/10\/afiche-general-150-819x1024.jpg 819w, https:\/\/h-residency.org\/h-wp\/wp-content\/uploads\/2020\/10\/afiche-general-150-768x960.jpg 768w\" sizes=\"auto, (max-width: 706px) 89vw, (max-width: 767px) 82vw, 740px\" \/><\/p>","protected":false},"excerpt":{"rendered":"<p>Programa Del 3 al 18 de Noviembre 2020 Debido a la situaci\u00f3n de contingencia mundial que atravesamos, este a\u00f1o H Residency produce una programaci\u00f3n virtual centrada en el di\u00e1logo en torno a las pr\u00e1cticas colaborativas, redes e intercambios en cultura. Para ello hemos impulsado un programa que va desde los encuentros, di\u00e1logos y reflexiones vinculados &hellip; <\/p>\n<p class=\"link-more\"><a href=\"https:\/\/h-residency.org\/es\/el-arte-contemporaneo-reside-en-el-desierto\/\" class=\"more-link\">Continuar leyendo<span class=\"screen-reader-text\"> \u00abEl Arte Contempor\u00e1neo RESIDE EN EL DESIERTO\u00bb<\/span><\/a><\/p>\n","protected":false},"author":1,"featured_media":0,"parent":0,"menu_order":0,"comment_status":"closed","ping_status":"closed","template":"","meta":{"ngg_post_thumbnail":0,"footnotes":""},"class_list":["post-290","page","type-page","status-publish","hentry"],"acf":[],"aioseo_notices":[],"_links":{"self":[{"href":"https:\/\/h-residency.org\/es\/wp-json\/wp\/v2\/pages\/290","targetHints":{"allow":["GET"]}}],"collection":[{"href":"https:\/\/h-residency.org\/es\/wp-json\/wp\/v2\/pages"}],"about":[{"href":"https:\/\/h-residency.org\/es\/wp-json\/wp\/v2\/types\/page"}],"author":[{"embeddable":true,"href":"https:\/\/h-residency.org\/es\/wp-json\/wp\/v2\/users\/1"}],"replies":[{"embeddable":true,"href":"https:\/\/h-residency.org\/es\/wp-json\/wp\/v2\/comments?post=290"}],"version-history":[{"count":61,"href":"https:\/\/h-residency.org\/es\/wp-json\/wp\/v2\/pages\/290\/revisions"}],"predecessor-version":[{"id":479,"href":"https:\/\/h-residency.org\/es\/wp-json\/wp\/v2\/pages\/290\/revisions\/479"}],"wp:attachment":[{"href":"https:\/\/h-residency.org\/es\/wp-json\/wp\/v2\/media?parent=290"}],"curies":[{"name":"wp","href":"https:\/\/api.w.org\/{rel}","templated":true}]}}

El Arte Contemporáneo RESIDE EN EL DESIERTO

<p></p>
<div>
<h2>Programa<br />
Del 3 al 18 de Noviembre 2020</h2>
</div>
<p>Debido a la situación de contingencia mundial que atravesamos, este año H Residency produce una programación virtual centrada en el diálogo en torno a las prácticas colaborativas, redes e intercambios en cultura. Para ello hemos impulsado un programa que va desde los encuentros, diálogos y reflexiones vinculados al arte contemporáneo en Calama y Alto el Loa, invitando a creadores, docentes, estudiantes, espacios culturales y público general a formar parte de estas iniciativas.</p>
<p>Todas las actividades son de carácter abierto y gratuito.<br />
<strong>Incríbete aquí</strong>: <strong><em><a title="Inscripción" href="http://h-residency.org/inscripcion/">www.h-residency.org/es/inscripcion/</a></em></strong></p>
<p><strong>PROGRAMA</strong></p>
<div class="programa-block block-50-33 blue">
<div class="programa-block-info">
<h3><b>Conversatorio</b></h3>
<h2 class="fonce"><a href="http://h-residency.org/arte-contemporaneo-espacios-redes-y-colaboracion-en-cultura-post-pandemia/">Arte contemporáneo:</a><br />
<a href="http://h-residency.org/arte-contemporaneo-espacios-redes-y-colaboracion-en-cultura-post-pandemia/">Espacios, redes y colaboración en cultura (post-pandemia)</a></h2>
<p><strong><span class="mono">Martes 3 de Noviembre<br />
18 hrs</span></strong></p>
</div>
<div class="desplegable hidden">
<p>La invitación es a encontrarnos y conversar sobre colaboraciones en cultura, generación de redes e intercambios y el aporte de estas prácticas al favorecer la sostenibilidad de los proyectos y espacios culturales en los territorios.</p>
<p>La escena artística contemporánea local en Calama y Alto el Loa posee un robusto quehacer en la escena creativa nortina, cuenta con espacios culturales que promueven el arte y la cultura territorial, gestando valiosos intercambios de experiencias artísticas locales e internacionales.</p>
<p>Nos acompañarán como invitados a este panel de conversatorio: Antonieta Clunes artista, curadora y directora de Espacio Modelo, Silvia Álvarez directora de Fundación Interacciones y proyecto casa RADE Espacio Colaborativo de Calama, junto a Gonzalo Reyes Araos Artista y director de H Residency Chile-Berlín y Mauricio Castro Encargado de la Galería de Arte Pablo Neruda, Director del Área de Comunicaciones de la Corporación de Cultura y Turismo de Calama.</p>
<p>Modera la Jornada, Cristina Olguín Acevedo Gestora Cultural y coordinadora de Proyecto H.</p>
<p>La invitación está dirigida a artistas, docentes, agentes culturales y toda persona interesada en las artes contemporáneas.</p>
</div>
</div>
<div class="programa-block block-50-33 dark">
<div class="programa-block-info">
<h3>Ciclo de charlas de Artista</h3>
<h2 class="fonce"><a href="http://h-residency.org/cielos-binarios/"><b>Cielos Binarios</b></a></h2>
<p><span class="mono"><strong>Gonzalo Reyes Araos</strong><br />
<span class="programa-block-entry-meta">Artista visual y Director de H-Residency (Chile &#8211; Alemania)</span></span></p>
<p><strong><span class="mono">Miércoles 4 Noviembre<br />
18 hrs</span></strong></p>
</div>
<div class="desplegable hidden">
<p>La charla está inspirada en la investigación del artista, quien trabaja en torno a las relaciones humanas mantenidas a través de los medios de comunicación contemporáneos. El código binario como instrumento de comunicación y metáfora de nuestra realidad. El cielo como un mapa de la historia del mundo y de las comunicaciones utilizadas desde las culturas ancestrales hasta nuestros días.</p>
<p>La charla está enfocada a artistas, creadores, agentes culturales, investigadores y público en general.</p>
</div>
</div>
<div class="programa-block block-50-33 orange">
<div class="programa-block-info">
<h3>Ciclo de charlas de Artista</h3>
<h2 class="fonce"><a href="http://h-residency.org/historias-contadas-por-las-piedras-y-otros-relatos/"><b>Historias contadas por las piedras y otros relatos</b></a></h2>
<p><span class="mono"><strong>Elsa Salonen</strong><br />
<span class="programa-block-entry-meta">Artista visual (Finlandia &#8211; Alemania)</span></span></p>
<p><strong><span class="mono">Jueves 12 Noviembre<br />
11 hrs</span></strong></p>
</div>
<div class="desplegable hidden">
<p>La artista nos hablará sobre su trabajo de investigación que conecta ideas de la metafísica con nuestros conceptos “concretos” del mundo. La alquimia la ha llevado a experimentar directamente con materiales de la naturaleza. Inspirada en antiguas filosofías animistas, que realzan el espíritu de las formas de vida naturales, como las plantas y las piedras, la artista toma, desde estas ideas, inspiraciones para realizar sus instalaciones pinturas y arte conceptual.</p>
<p>La charla está dirigida a artistas, creadores, agentes culturales, investigadores y público en general.</p>
</div>
</div>
<div class="programa-block block-50-33 dark">
<div class="programa-block-info">
<h3>Ciclo de charlas de Artista</h3>
<h2 class="fonce"><a href="http://h-residency.org/charla-de-artistas-en-establecimientos-educacionales/"><b>Charla de artistas en establecimientos educacionales </b></a></h2>
<p><strong><span class="mono">Jueves 5 Noviembre<br />
11  &#8211; 12  hrs</span></strong></p>
</div>
<div class="desplegable hidden">
<p>Esta charla cuenta con la participación de dos destacados artistas visuales, <a href="http://h-residency.org/elsa-salonen/">Elsa Salonen</a> (Finlandia) y <a href="http://h-residency.org/gonzalo-reyes-araos/">Gonzalo Reyes Araos</a>. Nuestros invitados nos compartirán sus procesos de creación, reflexiones, imaginario e inspiraciones desde las cuales nacen sus obras. Por medio de una conversación basada en sus experiencias nos sumergirán en el mundo del arte contemporáneo.Esta charla es gratuita y está dirigida a estudiantes, docentes y establecimientos educacionales.</p>
</div>
</div>
<div class="programa-block block-50-33 blue">
<div class="programa-block-info">
<h3>Cartografía Cultural Calama y Alto el Loa</h3>
<h2 class="fonce"><a href="http://h-residency.org/mapeo-colectivo-de-artistas-y-creadores/">Mapeo colectivo de artistas y creadores</a></h2>
<p><strong><span class="mono">Miércoles 18 Noviembre<br />
18  hrs</span></strong></p>
</div>
<div class="desplegable hidden">
<p>H Residency promueve procesos creativos de investigación e intercambio de experiencias artísticas contemporáneas, es en este contexto es que invitamos a artistas y agentes culturales a ser parte de una Cartografía Cultural de Calama y Alto el Loa.La cartografía cultural es una técnica de mapeo colectivo que se realiza mediante la utilización de un mapa impreso o virtual, junto a ello se utilizan iconografías, esto favorece la reflexión en los asistentes y genera conocimiento y miradas situadas desde lo visual.</p>
<p><strong>Mapeo colectivo de artistas de la ciudad de Calama y Provincia Alto Loa</strong> es una jornada que se realizará en formato virtual y apunta a construir una narración colectiva acerca del escenario cultural local, junto con posibilitar el encuentro de creadores, visibilizar sus proyectos, y promover las redes e intercambios culturales.</p>
<p>El carácter colectivo de esta instancia permite el encuentro y diálogo entre creadores, a su vez aporta visibilizar a los artistas locales y a sus prácticas en torno al quehacer artístico desde las potencialidades y necesidades del sector en el ámbito del arte contemporáneo local.</p>
<p>La convocatoria de la cartografía cultural es abierta y está dirigida a artistas, creadores, curadores, investigadores, docentes de las artes visuales, artistas mediales, performance y audiovisuales, junto a espacios culturales públicos, privados y organizaciones autogestionadas de Calama y Alto El Loa.</p>
</div>
</div>
<p>&nbsp;</p>
<p>Puedes descargar nuestro <strong><em><a href="http://h-residency.org/pdf/programa/2020/Programa-conversatorios-H-residency-2020.pdf" target="_blank" rel="noopener noreferrer">programa en versión pdf </a></em></strong></p>
<p><img loading="lazy" decoding="async" class="aligncenter wp-image-418 size-full" src="http://h-residency.org/h-wp/wp-content/uploads/2020/10/afiche-general-150.jpg" alt="" width="1080" height="1350" srcset="https://h-residency.org/h-wp/wp-content/uploads/2020/10/afiche-general-150.jpg 1080w, https://h-residency.org/h-wp/wp-content/uploads/2020/10/afiche-general-150-240x300.jpg 240w, https://h-residency.org/h-wp/wp-content/uploads/2020/10/afiche-general-150-819x1024.jpg 819w, https://h-residency.org/h-wp/wp-content/uploads/2020/10/afiche-general-150-768x960.jpg 768w" sizes="auto, (max-width: 706px) 89vw, (max-width: 767px) 82vw, 740px" /></p>

<p>Programa Del 3 al 18 de Noviembre 2020 Debido a la situación de contingencia mundial que atravesamos, este año H Residency produce una programación virtual centrada en el diálogo en torno a las prácticas colaborativas, redes e intercambios en cultura. Para ello hemos impulsado un programa que va desde los encuentros, diálogos y reflexiones vinculados &hellip; </p>
<p class="link-more"><a href="https://h-residency.org/es/el-arte-contemporaneo-reside-en-el-desierto/" class="more-link">Continuar leyendo<span class="screen-reader-text"> «El Arte Contemporáneo RESIDE EN EL DESIERTO»</span></a></p>
