{"id":1163,"date":"2023-08-08T19:06:00","date_gmt":"2023-08-08T23:06:00","guid":{"rendered":"http:\/\/h-residency.org\/h-wp\/wp-content\/uploads\/2023\/08\/Ecosistema-textil-37.jpg"},"modified":"2023-08-08T20:08:41","modified_gmt":"2023-08-09T00:08:41","slug":"ecosistema-textil-37","status":"inherit","type":"attachment","link":"https:\/\/h-residency.org\/es\/ecosistema-textil-37\/","title":{"rendered":"Ecosistema-textil-37"},"author":1,"featured_media":0,"comment_status":"closed","ping_status":"closed","template":"","meta":{"ngg_post_thumbnail":0},"class_list":["post-1163","attachment","type-attachment","status-inherit","hentry"],"acf":[],"aioseo_notices":[],"description":{"rendered":"<p class=\"attachment\"><a href='https:\/\/h-residency.org\/h-wp\/wp-content\/uploads\/2023\/08\/Ecosistema-textil-37.jpg'><img loading=\"lazy\" decoding=\"async\" width=\"214\" height=\"300\" src=\"https:\/\/h-residency.org\/h-wp\/wp-content\/uploads\/2023\/08\/Ecosistema-textil-37-214x300.jpg\" class=\"attachment-medium size-medium\" alt=\"Ecosistema Textil, Historias de Monta\u00f1a y Extracciones. Laboratorio de Formaci\u00f3n Art\u00edstica, H - Residency 2023 - RESIGNIFICAR\" srcset=\"https:\/\/h-residency.org\/h-wp\/wp-content\/uploads\/2023\/08\/Ecosistema-textil-37-214x300.jpg 214w, https:\/\/h-residency.org\/h-wp\/wp-content\/uploads\/2023\/08\/Ecosistema-textil-37-731x1024.jpg 731w, https:\/\/h-residency.org\/h-wp\/wp-content\/uploads\/2023\/08\/Ecosistema-textil-37-768x1075.jpg 768w, https:\/\/h-residency.org\/h-wp\/wp-content\/uploads\/2023\/08\/Ecosistema-textil-37-1097x1536.jpg 1097w, https:\/\/h-residency.org\/h-wp\/wp-content\/uploads\/2023\/08\/Ecosistema-textil-37.jpg 1159w\" sizes=\"auto, 100vw\" \/><\/a><\/p>\n<p>Ecosistema Textil, Historias de Monta\u00f1a y Extracciones. Laboratorio de Formaci\u00f3n Art\u00edstica, H &#8211; Residency 2023 &#8211; RESIGNIFICAR <\/p>\n"},"caption":{"rendered":"<p>Ecosistema Textil, Historias de Monta\u00f1a y Extracciones. Laboratorio de Formaci\u00f3n Art\u00edstica, H &#8211; Residency 2023 &#8211; RESIGNIFICAR<\/p>\n"},"alt_text":"Ecosistema Textil, Historias de Monta\u00f1a y Extracciones. Laboratorio de Formaci\u00f3n Art\u00edstica, H - Residency 2023 - RESIGNIFICAR","media_type":"image","mime_type":"image\/jpeg","media_details":{"width":1159,"height":1623,"file":"2023\/08\/Ecosistema-textil-37.jpg","filesize":557110,"sizes":{"medium":{"file":"Ecosistema-textil-37-214x300.jpg","width":214,"height":300,"filesize":23594,"mime_type":"image\/jpeg","source_url":"https:\/\/h-residency.org\/h-wp\/wp-content\/uploads\/2023\/08\/Ecosistema-textil-37-214x300.jpg"},"large":{"file":"Ecosistema-textil-37-731x1024.jpg","width":731,"height":1024,"filesize":236407,"mime_type":"image\/jpeg","source_url":"https:\/\/h-residency.org\/h-wp\/wp-content\/uploads\/2023\/08\/Ecosistema-textil-37-731x1024.jpg"},"thumbnail":{"file":"Ecosistema-textil-37-150x150.jpg","width":150,"height":150,"filesize":10338,"mime_type":"image\/jpeg","source_url":"https:\/\/h-residency.org\/h-wp\/wp-content\/uploads\/2023\/08\/Ecosistema-textil-37-150x150.jpg"},"medium_large":{"file":"Ecosistema-textil-37-768x1075.jpg","width":768,"height":1075,"filesize":258201,"mime_type":"image\/jpeg","source_url":"https:\/\/h-residency.org\/h-wp\/wp-content\/uploads\/2023\/08\/Ecosistema-textil-37-768x1075.jpg"},"1536x1536":{"file":"Ecosistema-textil-37-1097x1536.jpg","width":1097,"height":1536,"filesize":492389,"mime_type":"image\/jpeg","source_url":"https:\/\/h-residency.org\/h-wp\/wp-content\/uploads\/2023\/08\/Ecosistema-textil-37-1097x1536.jpg"},"twentyseventeen-featured-image":{"file":"Ecosistema-textil-37-1159x1200.jpg","width":1159,"height":1200,"filesize":485826,"mime_type":"image\/jpeg","source_url":"https:\/\/h-residency.org\/h-wp\/wp-content\/uploads\/2023\/08\/Ecosistema-textil-37-1159x1200.jpg"},"twentyseventeen-thumbnail-avatar":{"file":"Ecosistema-textil-37-100x100.jpg","width":100,"height":100,"filesize":5616,"mime_type":"image\/jpeg","source_url":"https:\/\/h-residency.org\/h-wp\/wp-content\/uploads\/2023\/08\/Ecosistema-textil-37-100x100.jpg"},"full":{"file":"Ecosistema-textil-37.jpg","width":1159,"height":1623,"mime_type":"image\/jpeg","source_url":"https:\/\/h-residency.org\/h-wp\/wp-content\/uploads\/2023\/08\/Ecosistema-textil-37.jpg"}},"image_meta":{"aperture":"0","credit":"","camera":"","caption":"","created_timestamp":"0","copyright":"","focal_length":"0","iso":"0","shutter_speed":"0","title":"","orientation":"0","keywords":[]}},"post":null,"source_url":"https:\/\/h-residency.org\/h-wp\/wp-content\/uploads\/2023\/08\/Ecosistema-textil-37.jpg","_links":{"self":[{"href":"https:\/\/h-residency.org\/es\/wp-json\/wp\/v2\/media\/1163","targetHints":{"allow":["GET"]}}],"collection":[{"href":"https:\/\/h-residency.org\/es\/wp-json\/wp\/v2\/media"}],"about":[{"href":"https:\/\/h-residency.org\/es\/wp-json\/wp\/v2\/types\/attachment"}],"author":[{"embeddable":true,"href":"https:\/\/h-residency.org\/es\/wp-json\/wp\/v2\/users\/1"}],"replies":[{"embeddable":true,"href":"https:\/\/h-residency.org\/es\/wp-json\/wp\/v2\/comments?post=1163"}]}}

<p class="attachment"><a href='https://h-residency.org/h-wp/wp-content/uploads/2023/08/Ecosistema-textil-37.jpg'><img loading="lazy" decoding="async" width="214" height="300" src="https://h-residency.org/h-wp/wp-content/uploads/2023/08/Ecosistema-textil-37-214x300.jpg" class="attachment-medium size-medium" alt="Ecosistema Textil, Historias de Montaña y Extracciones. Laboratorio de Formación Artística, H - Residency 2023 - RESIGNIFICAR" srcset="https://h-residency.org/h-wp/wp-content/uploads/2023/08/Ecosistema-textil-37-214x300.jpg 214w, https://h-residency.org/h-wp/wp-content/uploads/2023/08/Ecosistema-textil-37-731x1024.jpg 731w, https://h-residency.org/h-wp/wp-content/uploads/2023/08/Ecosistema-textil-37-768x1075.jpg 768w, https://h-residency.org/h-wp/wp-content/uploads/2023/08/Ecosistema-textil-37-1097x1536.jpg 1097w, https://h-residency.org/h-wp/wp-content/uploads/2023/08/Ecosistema-textil-37.jpg 1159w" sizes="auto, 100vw" /></a></p>
<p>Ecosistema Textil, Historias de Montaña y Extracciones. Laboratorio de Formación Artística, H &#8211; Residency 2023 &#8211; RESIGNIFICAR </p>

<p>Ecosistema Textil, Historias de Montaña y Extracciones. Laboratorio de Formación Artística, H &#8211; Residency 2023 &#8211; RESIGNIFICAR</p>

Ecosistema Textil, Historias de Montaña y Extracciones. Laboratorio de Formación Artística, H - Residency 2023 - RESIGNIFICAR
